 + (1 - 17)).
117
Evaluate -10 + (-4 - 1 - (-167 - -93)) + (6 - -3).
68
What is (-6 - (-17 + 14)) + (-1 - -40) + -10?
26
What is 21 + 23 + -12 + -3 + -3 + (12 - 6)?
32
Calculate -31 - (21 + 7 + -100 + -63).
104
Evaluate (-26 - -68 - 5) + 16 + -1 + 10.
62
Evaluate -5 - (0 + 5 - 0) - (70 - 65).
-15
Calculate 0 - 24 - (2666 - 2639).
-51
Evaluate 3 + (-1 - 12) + -3 + (76 - 45) + 50.
68
What is -13 + -5 + 4 + -4 - -21?
3
What is the value of -54 + 70 - (25 - (-1 - -7))?
-3
What is the value of -54 + -3 + (16 - 52 - -23) + 17?
-53
Evaluate -47 + (14 + 25 - 80).
-88
What is the value of 27 - (-53 + (93 - 44))?
31
Evaluate 23 + (-5 - -40 - -36) + 4.
98
What is the value of -1 + -8 + (-125 + 135 + -3 + 1 - -15)?
14
What is 326 + -266 - (-3 - (-22 + 2 - -2) - 5)?
50
What is the value of -27 - (-5 - -29 - (24 - -6))?
-21
What is (-8 - (16 + (-18 - 97))) + (-7 - 1)?
83
What is the value of (-19 - -21) + -2 - (-62 - -62 - (0 - -8))?
8
Calculate (7 + 2 - 6) + (-8 - -22) + -5.
12
Calculate (19 + -14 + -23 - 18) + -16.
-52
What is the value of -76 - (-5 - (-7 - -35))?
-43
Calculate 1972 + -2084 - (-5 - -8 - (-1 - -22)).
-94
What is the value of -17 - -2 - -1 - (6258 - 6292)?
20
What is the value of -4 + 24 - (-11 - -15) - 65?
-49
-725 + 655 + (-11 - -6) + 4
-71
What is the value of (7 + 7 + -19 - 4) + -7 + (2 - -5)?
-9
What is -7 - (38 - 12) - (96 - 15)?
-114
Calculate (90 + -63 - (-1 - -1 - -6)) + -9.
12
Calculate -36 - -34 - (-74 - -60).
12
Evaluate -17 + -30 + 32 - (89 - 4).
-100
Calculate (-299 - -271) + (2 - -32).
6
Evaluate (-18 - -1) + -45 + 43 - (-2 - 11).
-6
What is the value of 10 + (19 + -34 - (5 + -15)) + 4 + 19?
28
Calculate 32 + (1 - ((10 + -4 - 9) + -4)).
40
Calculate -25 + (-9 - 10) + 1 + 14.
-29
Evaluate 9 - (-20 + 7) - ((2 - (4 + -10)) + -4).
18
What is the value of 63 - (130 + -28 - 53)?
14
Calculate (-7 + 3 + -8 - -19) + 9 + -53.
-37
(-3 + 26 + -13 - 1) + -17 - -71
63
-44 - (34 - 144 - -25)
41
Calculate 23 + (-1 + 52 - (601 + -588)).
61
-10 - -11 - (-25 + 6 - 6)
26
-44 - (-8 - ((16 - 23) + -2 + -7))
-52
What is the value of 3 + -63 - (-219 + 184)?
-25
Calculate 13 + 3 + -23 + -2 + 21 - (-13 - -124).
-99
19 - (77 - ((25 - 14) + -22))
-69
Calculate -74 - (4 - -5) - -11 - (12 + 5 + -10).
-79
Evaluate (5 - (-1 + 0)) + -206 + (27 - -251).
78
Evaluate -522 - -497 - (-2 + -4 + 0 + -1).
-18
Calculate (19 - -2) + (598 - 582).
37
What is 12 + -30 + 39 - (-2 + -19)?
42
Calculate -100 + 125 - (-26 - (3 + 2)).
56
Evaluate -13 + (13 - (-12 + 15)).
-3
What is -52 + 18 + 1 + (769 - 768)?
-32
Calculate -29 + 103 + (-69 - -24 - -34).
63
74 + -2 + (19 + 0 - (-425 - -436))
80
(28 - (18 + (35 - 14))) + -5
-16
Calculate -44 + (107 - -41) - (-19 + 8 - -4).
111
68 - (336 - 139) - -172
43
What is the value of 0 + 14 + -79 + (46 - 18) + 2?
-35
Calculate -13 - (31 - 4 - 38) - -33.
31
Evaluate 57 + (-39 - -22) - 29.
11
What is the value of -67 - (-38 + 74 + -143)?
40
(91 - 67 - (9 + 4)) + 8 + -6 + -10
3
Calculate 5 + (2 - 63) + (29 - 9 - -3 - 12).
-45
Evaluate -46 - (35 + -55) - (-3 + 5 + 2).
-30
What is 5 + (4 - (-4 + 13 + 9) - -12) - -12?
15
What is 19 + -21 + -22 + (14 - 2)?
-12
192 - 208 - (-15 - (-6 - -3))
-4
What is (46 - 0) + 8 + 63 + -79?
38
What is the value of -6 - (6 + -12) - (30 - (-4 - -1))?
-33
What is -386 + 396 - (8 + -8 - -97)?
-87
Calculate 96 - 169 - -77 - (-2 - (55 - -2)).
63
Evaluate 13 - (-10 - (114 + -62)).
75
Calculate (-164 - -103) + 52 - (-1 + 75).
-83
Evaluate (78 - (113 - 59)) + (10 + -5 - 8).
21
Evaluate 45 + -81 + 24 + 29.
17
Calculate 391 + -367 + -2 + (47 - 3).
66
Evaluate (2 - 1 - 15) + (9 - -17 - 50) + 17.
-21
What is 0 + 8 + (24 - 14) + -10 + -40?
-32
Calculate 25 + (456 + -456 - (-23 - 4)).
52
-46 - (13 - (-10 + 26 + -1 + 12))
-32
What is the value of 69 + -42 - (-1 + 17) - (-22 - (1 + 3))?
37
What is 1 + -2 + (-3 - (-7 - -21) - (1 - 4))?
-15
What is (-7 + (60 - (-7 + 22)) - (2 + 9)) + 3?
30
2 + (2 - 2) + 83 - (-10482 + 10469)
98
(-170 + 71 - -38) + 120
59
(497 - 508) + -12 + -1
-24
What is the value of (17 + 26 - (11 + -3 + 4)) + 5 + 3?
39
29 - (-7 - -81 - 32)
-13
Calculate -38 - 32 - (-52 + 35).
-53
What is (1162 - 1170) + 3 + -2 + -14 - 2?
-23
Evaluate 33 - (18 - (-42 - -11)).
-16
Evaluate 10 - ((2 - -13) + (-37 + 19 - -60)).
-47
Calculate (-37 - 119) + 161 + 18.
23
Evaluate -2 - -2 - -2 - ((-17 - -35) + -17 + -3).
4
Calculate 152 - (86 + -2 + 1).
67
What is -29 + -1 + (3 + (-18 - -29) - 6)?
-22
Calculate 35 - (-6 + 11 + -13 + (-17 - -14)).
46
Evaluate 9 + (-27 - (29 - (11 - -33))).
-3
Calculate -12 - (3 + -4 - 3) - (6 + -47).
33
Evaluate -28 + -7 + 13 + 13 + -66.
-75
What is the value of (7 - -46) + -17 + -11 + 78?
103
What is the value of -26 + 34 + 54 - 80?
-18
Calculate 15 - 10 - (22 - (2 + 0 + (-4 - -2))).
-17
(-1148 - -1138 - (1 - (-2 + 74))) + -10
51
Calculate 0 + (-1 - 6) + 1 - ((-42 - -44) + 29).
-37
Evaluate 31 + -5 + (342 - 391).
-23
831 - 879 - (-24 + -3)
-21
Evaluate 28 + (-41 - (23 + -35)).
-1
What is the value of 62 + -110 + 13 - (2 + -47)?
10
What is the value of (-3 - (-4 - -8)) + -7 + (12 - -18) + 5?
21
What is 1 + -3 + (-4 - 2) - (516 - 450)?
-74
117 + -119 - ((3 - 0) + -1 + 41)
-45
What is 13 - (20 - (-50 + 63))?
6
Calculate (11 + 7 - (0 - -18)) + 3.
3
What is the value of 15 + -1 + -65 + (30 - 27 - 8)?
-56
What is 1 - ((-11 - (7 + -27)) + -52 + 5 + -4)?
43
Evaluate 1 + 0 + (0 - -10) + 2241 + -2273.
-21
(-5 - (3 - 10)) + 2 - (-7 + -11 + 63)
-41
Evaluate -12 - -4 - (5 + 5 + -3 + -14) - 39.
-40
What is the value of (-1 + 4 + -1 + 4 - (68 - 156)) + 1?
95
What is -2 + -16 + (-568 - -593) - (-89 - 7)?
103
Evaluate ((32 - 5) + -37 - -116) + -34.
72
(58 - (67 + -36)) + -3
24
Calculate -33 + (-1 - -31) + (-3 - -51 - 5) - -2.
42
What is the value of -73 - ((-44 - -36) + 6)?
-71
What is -61 + (-22 - (-7 + -36))?
-40
What is (4 - 2 - (1 + -18 + 1)) + (593181 - 593186)?
13
Evaluate 24 + -100 + 40 + 15.
-21
What is the value of 73 + -126 + -33 + 82?
-4
(25 - (29 - 7 - 19)) + 13
35
Calculate -21 + (32 - -26) + 0 - 46.
-9
What is -20 - (0 - (5 + 4 + -27 + -27))?
-65
What is the value of -38 - (-25 - -49) - -46?
-16
What is -107 - ((29 - 45 - (1 - (3 + 2))) + 9)?
-104
What is the value of 21 + 7 + -19 - (-4 - -11 - 3 - -30)?
-25
Calculate (-4 - ((61 - -12) + -2 + 5)) + 6 + -18.
-92
Calculate (29 - 1 - 1) + (36 - ((64 - 19) + -5)).
23
What is -5 + -7 + 50 + 1 + (-136 - -131)?
34
3 - (-6 + -26 + (21 - 5))
19
What is the value of -14 + -6 + (5 - 2) + -24?
-41
What is the value of 17 + -3 + 8 - -8 - (2 - 5 - -3)?
30
What is the value of (-44 - -56) + 51 + (-5 - 6)?
52
Evaluate 6 - (-26 + (-59 - -175)).
-84
123 - ((-26 - 4) + 32) - (6 + 3)
112
Calculate (9 - 13 - 4) + (-18 - -4 - -26).
4
What is the value of -15 + (-1 - 0 - (39 - 41)) + 4 + -10?
-20
Evaluate -5 + 5 + -3 - (39 - (4 - 3 - 7)).
-48
-30 - -112 - 25 - -1
58
What is -8 + (2630 - 2641 - ((0 - 1) + 3 + 65))?
-86
What is (8 + -19 - (-2 + -11 + -13)) + -51?
-36
Calculate (25 - (0 - -8)) + -6.
11
Evaluate -2 + 3 + 13 - (49 + (-73 - -65)).
-27
Calculate 80 + 7 + -18 + -25 - (-16 - 3).
63
What is the value of -90 - (-129 + 118 + (10 - 0) - -15)?
-104
What is (-4 - (42 - -6)) + 200 + -188?
-40
What is (108 - 0) + (12 - 2 - (2 + -9 + 16))?
109
What is the value of 11 - -2 - (-15 + 9 + 41 + 18)?
-40
Calculate (2 + 6 - 15) + (-7 + 14 - -4).
4
Calculate 87 + -8 + 498 + -507 + (-1 - -2 - -9).
80
Evaluate 31 + -3 + (635 - 623).
40
What is the value of 18 + -7 + -21 + 23 + -6?
7
Calculate (-1 - -8 - 2) + -623 + 603 - 16.
-31
What is the value of 11 + -38 - 42 - -50?
-19
What is -21 + 4 - (-76 + 17 + (-10 - -1))?
51
Evaluate -5 + 17 - (-1 - -3) - (58 + -22 - 76).
50
Evaluate 84 - (23 + -49 + 30) - 23.
57
What is (-47 - 17 - -87) + -74?
-51
What is 1 + 8 - (-993 - -980) - (16 - 46)?
52
Evaluate (0 - 8) + 19 - (-30 + -1 + 1).
41
What is the value of -37 + 2 - (131 - 185)?
19
What is (-1329 - -1421) + (1 - 201)?
-108
What is the value of 62 - (-205 + 405) - (-24 - -2)?
-116
Calculate 9 + -44 - (16 + -13 - (11 + -10)).
-37
Calculate -1 - -20 - (1 + -70 + (-3003 - -2952)).
139
What is the value of 2 + 1 + (-15 - -3) + 4 - (-4618 + 4513)?
100
Evaluate 0 + 25 - (-163 + (88 - -54)).
46
Calculate 24 + (-66 - (24 - 11)).
-55
Calculate -5 + (58 - -2 - (-100 - -92)) + -10.
53
What is -130 - 